{"id":59,"date":"2020-05-24T17:52:15","date_gmt":"2020-05-24T15:52:15","guid":{"rendered":"http:\/\/www.ferieninwuestenhain.de\/?page_id=59"},"modified":"2020-06-19T07:33:59","modified_gmt":"2020-06-19T05:33:59","slug":"datenschutz","status":"publish","type":"page","link":"https:\/\/www.ferieninwuestenhain.de\/index.php\/datenschutz\/","title":{"rendered":"Datenschutz"},"content":{"rendered":"\n<div class=\"alignnormal\"><div id=\"metaslider-id-523\" style=\"width: 100%;\" class=\"ml-slider-3-16-4 metaslider metaslider-flex metaslider-523 ml-slider ml-slider-lightbox-1-10-1 lightbox-disabled nav-hidden\">\n    <div id=\"metaslider_container_523\">\n        <div id=\"metaslider_523\">\n            <ul aria-live=\"polite\" class=\"slides\">\n                <li style=\"display: block; width: 100%;\" class=\"slide-524 ms-image\"><img src=\"https:\/\/www.ferieninwuestenhain.de\/wp-content\/uploads\/2020\/06\/datenschutz1.jpg\" height=\"300\" width=\"700\" alt=\"\" class=\"slider-523 slide-524\" title=\"datenschutz1\" \/><\/li>\n                <li style=\"display: none; width: 100%;\" class=\"slide-525 ms-image\"><img src=\"https:\/\/www.ferieninwuestenhain.de\/wp-content\/uploads\/2020\/06\/datenschutz2.jpg\" height=\"300\" width=\"700\" alt=\"\" class=\"slider-523 slide-525\" title=\"datenschutz2\" \/><\/li>\n                <li style=\"display: none; width: 100%;\" class=\"slide-526 ms-image\"><img src=\"https:\/\/www.ferieninwuestenhain.de\/wp-content\/uploads\/2020\/06\/datenschutz3.jpg\" height=\"300\" width=\"700\" alt=\"\" class=\"slider-523 slide-526\" title=\"datenschutz3\" \/><\/li>\n            <\/ul>\n        <\/div>\n        \n    <\/div>\n<\/div><\/div>\n\n\n\n<figure class=\"wp-block-image size-large is-resized\"><img decoding=\"async\" loading=\"lazy\" src=\"https:\/\/www.ferieninwuestenhain.de\/wp-content\/uploads\/2020\/06\/weiss1.jpg\" alt=\"\" class=\"wp-image-574\" width=\"80\" height=\"10\"\/><\/figure>\n\n\n\n<p><em>EU-Streitschlichtung<\/em><\/p>\n\n\n\n<p>Die Europ\u00e4ische Kommission stellt eine Plattform zur Online-Streitbeilegung (OS) bereit:https:\/\/ec.europa.eu\/consumers\/odr.<\/p>\n\n\n\n<p>Unsere E-Mail-Adresse finden Sie oben im Impressum.<\/p>\n\n\n\n<p>Verbraucherstreitbeilegung\/Universalschlichtungsstelle<\/p>\n\n\n\n<p>Wir nehmen an einem Streitbeilegungsverfahren vor einer Verbraucherschlichtungsstelle teil. Zust\u00e4ndig istdie Universalschlichtungsstelle des Zentrums f\u00fcr Schlichtung e.V., Stra\u00dfburger Stra\u00dfe 8, 77694 Kehl amRhein (https:\/\/www.verbraucher-schlichter.de).<\/p>\n\n\n\n<p><em>Haftung f\u00fcr Inhalte<\/em><\/p>\n\n\n\n<p>Als Diensteanbieter sind wir gem\u00e4\u00df \u00a7 7 Abs.1 TMG f\u00fcr eigene Inhalte auf diesen Seiten nach denallgemeinen Gesetzen verantwortlich. Nach \u00a7\u00a7 8 bis 10 TMG sind wir als Diensteanbieter jedoch nichtverpflichtet, \u00fcbermittelte oder gespeicherte fremde Informationen zu \u00fcberwachen oder nach Umst\u00e4nden zuforschen, die auf eine rechtswidrige T\u00e4tigkeit hinweisen.<\/p>\n\n\n\n<p>Verpflichtungen zur Entfernung oder Sperrung der Nutzung von Informationen nach den allgemeinenGesetzen bleiben hiervon unber\u00fchrt. Eine diesbez\u00fcgliche Haftung ist jedoch erst ab dem Zeitpunkt derKenntnis einer konkreten Rechtsverletzung m\u00f6glich. Bei Bekanntwerden von entsprechendenRechtsverletzungen werden wir diese Inhalte umgehend entfernen.<\/p>\n\n\n\n<p><em>Haftung f\u00fcr Links<\/em><\/p>\n\n\n\n<p>Unser Angebot enth\u00e4lt Links zu externen Websites Dritter, auf deren Inhalte wir keinen Einfluss haben. Deshalb k\u00f6nnen wir f\u00fcr diese fremden Inhalte auch keine Gew\u00e4hr \u00fcbernehmen. F\u00fcr die Inhalte derverlinkten Seiten ist stets der jeweilige Anbieter oder Betreiber der Seiten verantwortlich. Die verlinktenSeiten wurden zum Zeitpunkt der Verlinkung auf m\u00f6gliche Rechtsverst\u00f6\u00dfe \u00fcberpr\u00fcft. Rechtswidrige Inhaltewaren zum Zeitpunkt der Verlinkung nicht erkennbar. <\/p>\n\n\n\n<p>Eine permanente inhaltliche Kontrolle der verlinkten Seiten ist jedoch ohne konkrete Anhaltspunkte einerRechtsverletzung nicht zumutbar. Bei Bekanntwerden von Rechtsverletzungen werden wir derartige Linksumgehend entfernen. <\/p>\n\n\n\n<p><em>Urheberrecht<\/em><\/p>\n\n\n\n<p>Die durch die Seitenbetreiber erstellten Inhalte und Werke auf diesen Seiten unterliegen dem deutschenUrheberrecht. Die Vervielf\u00e4ltigung, Bearbeitung, Verbreitung und jede Art der Verwertung au\u00dferhalb derGrenzen des Urheberrechtes bed\u00fcrfen der schriftlichen Zustimmung des jeweiligen Autors bzw. Erstellers, Downloads und Kopien dieser Seite sind nur f\u00fcr den privaten, nicht kommerziellen Gebrauch gestattet.<\/p>\n\n\n\n<p>Soweit die Inhalte auf dieser Seite nicht vom Betreiber erstellt wurden, werden die Urheberrechte Dritter beachtet. Insbesondere werden Inhalte Dritter als solche gekennzeichnet. Sollten Sie trotzdem auf eine Urheberrechtsverletzung aufmerksam werden, bitten wir um einen entsprechenden Hinweis. Bei Bekanntwerden von Rechtsverletzungen werden wir derartige Inhalte umgehend entfernen<\/p>\n\n\n\n<p>Quelle: e-recht24.de<\/p>\n","protected":false},"excerpt":{"rendered":"<p>EU-Streitschlichtung Die Europ\u00e4ische Kommission stellt eine Plattform zur Online-Streitbeilegung (OS) bereit:https:\/\/ec.europa.eu\/consumers\/odr. Unsere E-Mail-Adresse finden Sie oben im Impressum. Verbraucherstreitbeilegung\/Universalschlichtungsstelle Wir nehmen an einem Streitbeilegungsverfahren vor einer Verbraucherschlichtungsstelle teil. Zust\u00e4ndig istdie Universalschlichtungsstelle des Zentrums f\u00fcr Schlichtung e.V., Stra\u00dfburger Stra\u00dfe 8, 77694 <a href=\"https:\/\/www.ferieninwuestenhain.de\/index.php\/datenschutz\/\" class=\"read-more\">Weiterlesen<\/a><\/p>\n","protected":false},"author":1,"featured_media":0,"parent":0,"menu_order":0,"comment_status":"closed","ping_status":"closed","template":"","meta":{"kt_blocks_editor_width":""},"_links":{"self":[{"href":"https:\/\/www.ferieninwuestenhain.de\/index.php\/wp-json\/wp\/v2\/pages\/59"}],"collection":[{"href":"https:\/\/www.ferieninwuestenhain.de\/index.php\/wp-json\/wp\/v2\/pages"}],"about":[{"href":"https:\/\/www.ferieninwuestenhain.de\/index.php\/wp-json\/wp\/v2\/types\/page"}],"author":[{"embeddable":true,"href":"https:\/\/www.ferieninwuestenhain.de\/index.php\/wp-json\/wp\/v2\/users\/1"}],"replies":[{"embeddable":true,"href":"https:\/\/www.ferieninwuestenhain.de\/index.php\/wp-json\/wp\/v2\/comments?post=59"}],"version-history":[{"count":15,"href":"https:\/\/www.ferieninwuestenhain.de\/index.php\/wp-json\/wp\/v2\/pages\/59\/revisions"}],"predecessor-version":[{"id":584,"href":"https:\/\/www.ferieninwuestenhain.de\/index.php\/wp-json\/wp\/v2\/pages\/59\/revisions\/584"}],"wp:attachment":[{"href":"https:\/\/www.ferieninwuestenhain.de\/index.php\/wp-json\/wp\/v2\/media?parent=59"}],"curies":[{"name":"wp","href":"https:\/\/api.w.org\/{rel}","templated":true}]}}

<div class="alignnormal"><div id="metaslider-id-523" style="width: 100%;" class="ml-slider-3-16-4 metaslider metaslider-flex metaslider-523 ml-slider ml-slider-lightbox-1-10-1 lightbox-disabled nav-hidden">
    <div id="metaslider_container_523">
        <div id="metaslider_523">
            <ul aria-live="polite" class="slides">
                <li style="display: block; width: 100%;" class="slide-524 ms-image"><img src="https://www.ferieninwuestenhain.de/wp-content/uploads/2020/06/datenschutz1.jpg" height="300" width="700" alt="" class="slider-523 slide-524" title="datenschutz1" /></li>
                <li style="display: none; width: 100%;" class="slide-525 ms-image"><img src="https://www.ferieninwuestenhain.de/wp-content/uploads/2020/06/datenschutz2.jpg" height="300" width="700" alt="" class="slider-523 slide-525" title="datenschutz2" /></li>
                <li style="display: none; width: 100%;" class="slide-526 ms-image"><img src="https://www.ferieninwuestenhain.de/wp-content/uploads/2020/06/datenschutz3.jpg" height="300" width="700" alt="" class="slider-523 slide-526" title="datenschutz3" /></li>
            </ul>
        </div>
        
    </div>
</div></div>



<figure class="wp-block-image size-large is-resized"><img decoding="async" loading="lazy" src="https://www.ferieninwuestenhain.de/wp-content/uploads/2020/06/weiss1.jpg" alt="" class="wp-image-574" width="80" height="10"/></figure>



<p><em>EU-Streitschlichtung</em></p>



<p>Die Europäische Kommission stellt eine Plattform zur Online-Streitbeilegung (OS) bereit:https://ec.europa.eu/consumers/odr.</p>



<p>Unsere E-Mail-Adresse finden Sie oben im Impressum.</p>



<p>Verbraucherstreitbeilegung/Universalschlichtungsstelle</p>



<p>Wir nehmen an einem Streitbeilegungsverfahren vor einer Verbraucherschlichtungsstelle teil. Zuständig istdie Universalschlichtungsstelle des Zentrums für Schlichtung e.V., Straßburger Straße 8, 77694 Kehl amRhein (https://www.verbraucher-schlichter.de).</p>



<p><em>Haftung für Inhalte</em></p>



<p>Als Diensteanbieter sind wir gemäß § 7 Abs.1 TMG für eigene Inhalte auf diesen Seiten nach denallgemeinen Gesetzen verantwortlich. Nach §§ 8 bis 10 TMG sind wir als Diensteanbieter jedoch nichtverpflichtet, übermittelte oder gespeicherte fremde Informationen zu überwachen oder nach Umständen zuforschen, die auf eine rechtswidrige Tätigkeit hinweisen.</p>



<p>Verpflichtungen zur Entfernung oder Sperrung der Nutzung von Informationen nach den allgemeinenGesetzen bleiben hiervon unberührt. Eine diesbezügliche Haftung ist jedoch erst ab dem Zeitpunkt derKenntnis einer konkreten Rechtsverletzung möglich. Bei Bekanntwerden von entsprechendenRechtsverletzungen werden wir diese Inhalte umgehend entfernen.</p>



<p><em>Haftung für Links</em></p>



<p>Unser Angebot enthält Links zu externen Websites Dritter, auf deren Inhalte wir keinen Einfluss haben. Deshalb können wir für diese fremden Inhalte auch keine Gewähr übernehmen. Für die Inhalte derverlinkten Seiten ist stets der jeweilige Anbieter oder Betreiber der Seiten verantwortlich. Die verlinktenSeiten wurden zum Zeitpunkt der Verlinkung auf mögliche Rechtsverstöße überprüft. Rechtswidrige Inhaltewaren zum Zeitpunkt der Verlinkung nicht erkennbar. </p>



<p>Eine permanente inhaltliche Kontrolle der verlinkten Seiten ist jedoch ohne konkrete Anhaltspunkte einerRechtsverletzung nicht zumutbar. Bei Bekanntwerden von Rechtsverletzungen werden wir derartige Linksumgehend entfernen. </p>



<p><em>Urheberrecht</em></p>



<p>Die durch die Seitenbetreiber erstellten Inhalte und Werke auf diesen Seiten unterliegen dem deutschenUrheberrecht. Die Vervielfältigung, Bearbeitung, Verbreitung und jede Art der Verwertung außerhalb derGrenzen des Urheberrechtes bedürfen der schriftlichen Zustimmung des jeweiligen Autors bzw. Erstellers, Downloads und Kopien dieser Seite sind nur für den privaten, nicht kommerziellen Gebrauch gestattet.</p>



<p>Soweit die Inhalte auf dieser Seite nicht vom Betreiber erstellt wurden, werden die Urheberrechte Dritter beachtet. Insbesondere werden Inhalte Dritter als solche gekennzeichnet. Sollten Sie trotzdem auf eine Urheberrechtsverletzung aufmerksam werden, bitten wir um einen entsprechenden Hinweis. Bei Bekanntwerden von Rechtsverletzungen werden wir derartige Inhalte umgehend entfernen</p>



<p>Quelle: e-recht24.de</p>

<p>EU-Streitschlichtung Die Europäische Kommission stellt eine Plattform zur Online-Streitbeilegung (OS) bereit:https://ec.europa.eu/consumers/odr. Unsere E-Mail-Adresse finden Sie oben im Impressum. Verbraucherstreitbeilegung/Universalschlichtungsstelle Wir nehmen an einem Streitbeilegungsverfahren vor einer Verbraucherschlichtungsstelle teil. Zuständig istdie Universalschlichtungsstelle des Zentrums für Schlichtung e.V., Straßburger Straße 8, 77694 <a href="https://www.ferieninwuestenhain.de/index.php/datenschutz/" class="read-more">Weiterlesen</a></p>
